 - y - 2*y - 1 + 0*y. Let p = 0 + 3. What is m(p)?
5
Suppose 3*d + 23 = 2*j, 2*d - 3*j = 3*d - 7. Let v(b) = b**2 + 5*b + 3. Determine v(d).
3
Let h(f) = -f**2 - 8*f + 1. Suppose 3*x + 40 = -x. Let c be (-6)/10 - (-54)/x. What is h(c)?
13
Let q(o) = 3*o**3 + o**2 + 5*o + 2. Let k(t) = 6*t**3 + t**2 + 9*t + 3. Let f(n) = 3*k(n) - 5*q(n). Determine f(1).
2
Let d(a) = a**3 + 2*a**2 + 3*a - 1. Let i(k) = 5*k**3 + 11*k**2 + 16*k - 5. Let v(u) = 11*d(u) - 2*i(u). Calculate v(0).
-1
Suppose 2*p - 15 = 7*p. Let a be (-1 - -1)*(p - -4). Let f(y) be the third derivative of -y**5/60 + y**4/24 + y**3/6 + y**2. Calculate f(a).
1
Suppose 5 = 4*y - 3*u - 26, 5*u + 26 = 3*y. Let w(x) = x - 3. Calculate w(y).
4
Suppose 0 = x + x - 14. Let v(z) = -z**3 + 6*z**2 + 7*z - 6. Give v(x).
-6
Let n(q) = -q**3 + 5*q**2 - 4*q - 3. Suppose -4*z = -w + 3*w - 28, 3*z = -w + 19. Calculate n(w).
-3
Let c(s) = -3 + 1 - 2*s**2 + 7*s + 4 + 3. Calculate c(6).
-25
Let k = 4 - 2. Let f(v) = 4*v**2 - 3*v - 8. Let m(u) = -11*u**2 + 8*u + 23. Let x(n) = 17*f(n) + 6*m(n). Calculate x(k).
4
Let g(l) = 8*l**2 + l. Let k be g(-1). Suppose 5*n - f + 0*f = -19, 0 = -n + f - k. Let u = 2 - n. Let c(h) = h - 3. Calculate c(u).
2
Let d(q) = -4*q + 4*q**3 - 16 - 2*q - 5*q**3 + 14 - 7*q**2. What is d(-6)?
-2
Let i(k) = k**3 - 4*k**2 - 1 + 4*k - 2 + 0. Suppose -5*a = n - 5, -4*a = 5*n - 0*n + 17. What is i(a)?
-3
Let h(i) be the first derivative of -i**4/4 - 5*i**3/3 - i**2 - 6*i - 2. Let n be h(-5). Let o(x) = x**3 - 3*x**2 - 6*x + 4. What is o(n)?
-4
Let y(r) be the second derivative of -r**5/20 - 7*r**4/12 - 5*r**3/6 + 3*r**2 - 2*r. Determine y(-6).
0
Let k(j) = -j**2 - 4*j + 1. Let w = 0 - 1. Let p(z) = -5. Let r(h) = 1. Let m(s) = -p(s) - 6*r(s). Let g(y) = w*k(y) + 2*m(y). Determine g(-4).
-3
Let a(f) = 6*f**3 - 3*f**2 + 4*f. Let z(r) = -6*r**3 + 4*r**2 - 5*r. Let o(j) = -4*a(j) - 3*z(j). What is o(1)?
-7
Let w(o) be the first derivative of -3*o**2/2 + o + 5. Let x(q) = q**2 - 4*q + 2. Let l be x(4). Suppose 0 = l*a - 4 + 2. Calculate w(a).
-2
Let b(k) = -13*k**2 + 4 - 2*k**2 - 3 + k. Let d be (-1 - (-1)/2)*2. Give b(d).
-15
Let h(n) be the third derivative of -n**5/30 + n**4/8 - 2*n**3/3 + 23*n**2. Determine h(3).
-13
Let c(x) = x**2 - 2*x + 2. Suppose 5*a = -2*m + 22, 2*a + 0*a + 4*m - 12 = 0. Give c(a).
10
Let z be (2 + 1 + -4)*-26. Let x be 39/z*(-4)/3. Let f(a) = -2*a**3 - 2*a**2 - 1. What is f(x)?
7
Suppose 4 = 7*q - 3. Let a(f) = -5*f**3 - 2*f**2 + f. Give a(q).
-6
Let s(v) = 2*v + 2. Suppose 0 = 2*w + 2, 2*o = 4*w - 0*w + 12. Suppose 4*c = y + 16, -3*c - 2*y - 11 = -o*c. Calculate s(c).
8
Let m(r) = -2*r + 8. Suppose 4*l + 11*l - 120 = 0. Determine m(l).
-8
Let z = 13 - 8. Suppose z = 6*p - p. Let i(c) = c + 1. Let y(f) = 2*f + 1. Let b(h) = p*y(h) - 3*i(h). What is b(-2)?
0
Let j(n) = 4*n**2 + n - 5. Let z(a) = 3*a**2 + 2*a - 5. Let f(t) = 2*j(t) - 3*z(t). Let r = -153 + 148. Determine f(r).
0
Suppose -71*r + 69 = 353. Let u(j) = -6*j**3 - 8*j**2 + 2*j + 4. Let g(p) = p**3 + p**2 - 1. Let d(f) = 5*g(f) + u(f). What is d(r)?
7
Let l(w) = -8*w - 8*w + 21*w. Let z be (0 + 5/(-2))*-2. Suppose -c + 4*u = -9, c + 4*u = -z - 2. Calculate l(c).
5
Let q(p) = 5*p + 8. Let r(o) = 6*o + 9. Let n(a) = 5*q(a) - 4*r(a). Let k(y) = y**2 + 9*y - 6. Let v be k(-9). What is n(v)?
-2
Let x(b) be the third derivative of -b**6/120 - b**5/20 + b**4/6 + b**3/2 + 2*b**2. Let q(o) = o**2 - 4. Let a be q(0). What is x(a)?
3
Let h(p) = 4*p**2 + 0 + p**3 - 3 + 4 + p. Suppose r - 2*r - 4 = 0, -3*t + 4 = 2*r. Suppose 14 = 2*w - 4*g, -g = -5*w - t - 6. Calculate h(w).
7
Let c = -9 - -14. Suppose c*p + 1 + 9 = 0. Let x(n) = -2*n**2 + n - 1. Determine x(p).
-11
Let m(d) = -d**2 + 1. Let b(r) = -4*r**2 - 7*r. Let u(n) = b(n) - 3*m(n). Let f(c) be the first derivative of u(c). Calculate f(-5).
3
Let y(q) = q**2 + q + 10. Suppose -6 = 2*r + 2*f - 6*f, -15 = 5*r + 4*f. Let j = r - -3. Give y(j).
10
Let g = 4 - -2. Let p(x) = 38*x + 9. Let v(b) = -13*b - 3. Let m(a) = g*p(a) + 17*v(a). What is m(-2)?
-11
Suppose -11*d + 6*d + 5 = 0. Let b(o) = 7*o + 1. Calculate b(d).
8
Suppose 2*v - 5 = 5*a, -5*v - 2*a - 24 = 7. Let g(c) be the second derivative of -c**5/20 - 5*c**4/12 - c**3/6 - 3*c**2/2 + c. Determine g(v).
2
Let o(i) = 15*i**2 - 7*i - 5. Let y(g) = -9*g**2 - 4 + 0*g + g**2 + 7 + 4*g. Let q(k) = -4*o(k) - 7*y(k). What is q(-1)?
-5
Let h(l) = -6*l**2 + 4*l - 2. Let y(w) = -w**2 + 11*w - 16. Let t be y(9). Give h(t).
-18
Let n(u) = 7*u**2 + 9*u - 5. Let j(b) = -8*b**2 - 10*b + 5. Let d(t) = 6*j(t) + 7*n(t). What is d(-5)?
5
Let o(i) be the second derivative of -i**3 + i**2/2 + 15*i. Let v = -3 - -2. Give o(v).
7
Let o = -3 + 5. Let d(j) = -2*j**2 + 5 - j**2 + 2*j + 0 - 9*j. Let p(k) = k**2 + 3*k - 2. Let a(g) = 2*d(g) + 5*p(g). Give a(o).
-2
Let n(t) = 10*t. Let v = -27 + 28. Calculate n(v).
10
Let r(c) = 5*c**2 - c + 1. Let h(u) = -11*u**2 + u - 1. Let b(g) = 6*h(g) + 13*r(g). Give b(-6).
13
Let c(n) be the second derivative of -n**3/2 + 2*n**2 + 6*n. Calculate c(4).
-8
Let n(c) = -2*c**2 - 5*c - 4. Let q(s) = 5*s + 7. Let b be q(-2). Calculate n(b).
-7
Let o(v) = -10*v**3 + 10*v**2 - 3*v + 5. Let i(c) = 5*c**3 - 6*c**2 + 2*c - 3. Let k(t) = -5*i(t) - 3*o(t). Let a = 3 + -2. What is k(a)?
4
Suppose -2*x - 7 = j + 2*j, 0 = 2*j + 10. Let f(r) be the second derivative of 1/20*r**5 - 1/6*r**3 + 0*r**2 + 0 + r + 0*r**x. Give f(1).
0
Let t(r) = -r + 4. Let x be t(3). Let m(s) = -2*s**2 - s + 2. Let f(u) = 5*u**2 + u - 3. Let g = -6 + 1. Let q(d) = g*m(d) - 3*f(d). Calculate q(x).
-4
Suppose -2*m - 2 - 6 = 0. Let r(c) = -2*c - 4. Let u be r(m). Suppose 4*f = z - 15, -4*z - 4 = f + u. Let x(l) = l**3 + 5*l**2 + 2*l + 1. What is x(f)?
9
Let k(a) be the third derivative of a**6/120 + a**5/60 - a**4/24 + 11*a**3/6 + 42*a**2. Calculate k(0).
11
Let i(k) be the second derivative of -k**5/20 + k**4/3 - k**3/2 - k**2/2 + 18*k. Suppose f + 2*c = -2*c + 7, 0 = -f + 2*c + 1. Determine i(f).
-1
Let i(c) = c**3 + 7*c**2 - 9*c - 2. Let j be i(-8). Let w(f) = f + 1. Determine w(j).
7
Let u(s) = -s - 5. Let h(a) = -a + 3. Let w be h(-1). Determine u(w).
-9
Let h(a) = -a**2 + 3*a + 27. Let l be h(7). Let x(s) = -19*s + 1. Determine x(l).
20
Let p be (-10)/12*(-4)/10. Let r(n) be the first derivative of n + p*n**3 + 2 + 3/2*n**2. Give r(-2).
-1
Let m be (1 - 2)/(1/5). Let t = m - -9. Let k(a) = a**2 - 6*a - 2. Give k(t).
-10
Suppose -f = 4*f. Let h(s) be the second derivative of s**4/12 - s**2 + s + 167. What is h(f)?
-2
Let n(g) = 2*g**2 - 7*g + 4. Suppose -3*c - 11 = -5*i, c - 19 = -5*i + 4. Suppose -13 + c = -2*b. Suppose b*l = 2*u + 20, 5*u - 2*u + 4 = l. Determine n(l).
8
Let y(o) = -o - 3. Suppose -5*r + 4 = -4*r. Let s = -1 + r. Give y(s).
-6
Let i = 1 - -1. Let s(n) = -3*n + 1 + i*n - 4*n + 4*n. Let y(h) = -5*h**2 - h. Let z be y(-1). What is s(z)?
5
Let o be (-2)/(-4)*(8 - (-8 - -8)). Let m(u) = -u + 4. Calculate m(o).
0
Let o(s) = s**3 + s**2 + s - 2. Suppose 0 = 3*u - 7*u. What is o(u)?
-2
Let m(p) = -p**2 - 1. Let c be m(-1). Let n = -11 + 21. Let d(k) = k**2 + 10 - n - 2*k**2. What is d(c)?
-4
Let m(n) = -6*n**3 - 3*n - 2. Let d(a) = a**3 + a. Let v(r) = 5*d(r) + m(r). What is v(2)?
-6
Let y(o) be the first derivative of 1/4*o**4 + 6*o + 5/3*o**3 + 3 + 0*o**2. Suppose -9 = -4*h - 29. Calculate y(h).
6
Let q be (312/10)/3 + (-6)/(-10). Let s(d) = -d + 5. Determine s(q).
-6
Let r(f) = f**2 + 7*f + 7. Suppose 2*l - 30 = s + 3*s, 4 = -4*l. Let y = s - -13. Suppose -2*n + n - y = 0. Determine r(n).
-3
Let y(n) = -9 - 3 + n + 1. Let d be y(8). Let q(h) be the second derivative of -h**5/20 - h**4/12 + 5*h**3/6 + h**2 + 7*h. Calculate q(d).
5
Let k(r) = r + 1. Let n be (-3)/2*8/(-12). Let z(j) = 4. Let p(l) = 1. Let c(i) = 2*p(i) - z(i). Let u(w) = n*c(w) + k(w). What is u(-3)?
-4
Let r(f) = -5*f + 6. Let q(g) = 3 + 3*g - 8 + 2. Let h(c) = -7*q(c) - 4*r(c). Calculate h(5).
-8
Suppose -11 + 9 = -2*s. Suppose 2*l - 2 = -7*f + 3*f, 0 = -f + 5*l + 17. Let t(m) = 1 - m**2 + 0 - f. Determine t(s).
-2
Let y(z) = 2*z - 3. Suppose -2*l = -17 - 7. Suppose -9*i + 5*i = -l. Calculate y(i).
3
Let f(d) be the second derivative of d**5/20 - d**4/3 + 2*d**2 + 4*d. Let r be f(3). Let i(h) = h**2 + 4*h + 4. Calculate i(r).
9
Let w be -1 - (1 - 1) - 